the prime factors of l?
3, 19
Suppose 2*g + 12 = -2*z + 24, 5*g - 14 = -z. Suppose -780 = -3*f - g*f. List the prime factors of f.
2, 3, 13
Let v(n) = -3*n**3 + 6*n**2 + 788*n - 19. What are the prime factors of v(-28)?
3, 11, 13, 113
Let k be (-34 - 101)/(1/(-3)). Let u = k - 344. What are the prime factors of u?
61
Suppose -x + 2*y + 6 = -7, 0 = -5*y - 20. Suppose 0 = -0*m - 2*m + 2*f + 6, -x*m + f + 15 = 0. List the prime factors of ((-1)/(m/2))/((-14)/273).
13
Let c(u) = 2*u**2 + 95*u - 41. Let l be c(-48). Suppose -l*r = -29*r + 8492. What are the prime factors of r?
2, 193
Let y(a) be the first derivative of a**4/4 + 8*a**3/3 + 5*a**2 + 15*a - 6. Let l = 80 - 86. List the prime factors of y(l).
3
Suppose 4*t - 87 = 5*c + 3*t, 4*t - 78 = 5*c. Let b = c - -26. Let u(y) = -y**3 + 10*y**2 - 7*y - 6. What are the prime factors of u(b)?
2, 3, 11
Let s = -20410 + 25799. List the prime factors of s.
17, 317
Let m(w) = 1548*w**3 + 4*w**2 - 9*w - 5. Let s be m(3). Suppose -31*l = 7*l - s. List the prime factors of l.
2, 5, 11
Let m = 49 + -15. Let o = -777 - -773. What are the prime factors of m - (-3 - 12/o)?
2, 17
Suppose -48110*r = -48085*r - 1885900. List the prime factors of r.
2, 18859
What are the prime factors of (-59276)/(-6) - 70/21?
2, 3, 823
Let m(n) be the first derivative of 4*n**3/3 - n**2/2 + 4*n - 5. Suppose -1 = 3*u - 10. List the prime factors of m(u).
37
Let y = -1452 - -2583. Let n = y + -787. What are the prime factors of n?
2, 43
Let c be (-249)/(-27) - (-6)/(-27). Suppose 5*x = -y + 12, -2*x - 4*y - 6 = -c*y. What are the prime factors of x?
2
Let u = -51 - -52. Let g be (u/2*-3)/(2/20). List the prime factors of (-4 - 72/g)/(4/750).
2, 3, 5
Let x(u) = -u**3 + 17*u**2 - 13*u - 44. Let s be x(16). Suppose -s*j - 3*p + 6*p = -1335, 3 = -3*p. List the prime factors of j.
3, 37
Suppose 3*i = -16*i + 57. Suppose -7*c = -i*c - 4236. List the prime factors of c.
3, 353
Let t = 98 - 78. Suppose -6*v + v = t. List the prime factors of (-22)/v + (-5)/10.
5
Let i(b) = -26 + 31 + 658*b**2 - 16 - 29*b - 18. What are the prime factors of i(-1)?
2, 7, 47
Let j(c) = 16*c**2 + 493*c - 85. List the prime factors of j(-35).
2, 5, 113
Let q = 47 - 41. Suppose q*m = 3*m. Suppose j = -4*u + 385, 3*j + m*j = 3*u - 300. What are the prime factors of u?
97
Let r = 9 + -7. Suppose 0*y = d + 3*y + 24, d + r*y = -24. Let u = d + 26. List the prime factors of u.
2
Let s = -23353 - -45847. Suppose -s = -33*h - 7578. What are the prime factors of h?
2, 113
Let u(a) = 10*a**2 - 29*a + 20*a**2 - 13*a**2 - 8*a**2 - 6 + 24*a**2. List the prime factors of u(-4).
2, 11, 29
Suppose 0 = -c + 2*q + 4674, -31*q + 9357 = 2*c - 32*q. What are the prime factors of c?
2, 3, 5, 13
Let f(o) = -28*o + 4. Let m be f(4). Let b = 201 + m. Suppose 2*q + b = h, -3*h + h = 3*q - 193. List the prime factors of h.
5, 19
List the prime factors of (-16)/(-10)*20/8 + (-125 - -2408).
2287
Let g(n) = 33*n + 328. Let z(t) = -48*t - 492. Let u(x) = 8*g(x) + 5*z(x). What are the prime factors of u(32)?
2, 233
Let o = 35988 + -23294. List the prime factors of o.
2, 11, 577
Suppose 5*b = -0 + 75. Let q(p) = p**3 - 15*p**2 - 10*p + 24. Let g be q(b). Let a = 328 + g. What are the prime factors of a?
2, 101
List the prime factors of 2/((-9 - (-201726)/22410)*10/88).
2, 3, 11, 83
Let s(u) = u**2 - 24*u + 11. Let o(q) = -q**3 - 8*q**2 - 12*q - 12. Let d be o(-7). Let c be s(d). Let k = c - -21. List the prime factors of k.
3
Suppose 0 = -x - 4*b - 11, -4*x - 23 = -4*b + 1. Let r(h) = 2*h**2 + 2*h - 19. Let i be r(x). Let d = i + -5. List the prime factors of d.
2, 3, 5
Let c(m) = m**3 - 9*m**2 + 18*m + 4. Let x be c(6). List the prime factors of 2/24*x + (-25532)/(-39).
5, 131
Suppose -2 = -9*p + 16. Suppose -p*u - 15 = -5*z, 4*z - 4*u - 6 = 6. Suppose 2*j + 6 = 2*o, -5*j + z = -2. List the prime factors of o.
2
Suppose -6*p - 506 = -44. What are the prime factors of (-1*p/(-14))/(1/(-202))?
11, 101
Let r(v) = -116*v - 1. Suppose 0 = -2*y - 116 + 74. Let d = y - -20. What are the prime factors of r(d)?
5, 23
Let x(v) = 39949*v + 120. List the prime factors of x(2).
2, 40009
List the prime factors of ((-21)/(-35))/(48/6739840).
2, 10531
Let p = 17007 + 3256. What are the prime factors of p?
23, 881
Let f(y) = -y**3 - 30*y**2 - 105*y - 20. Let m be f(-26). Suppose 2*d - p = -m*p + 2908, d - 1467 = 4*p. What are the prime factors of d?
1459
Let i(h) = -3*h + 135. Let f be i(27). Suppose -2191 = -f*b + 47*b. List the prime factors of b.
313
Suppose 6*x = -28980 - 3636. List the prime factors of (x/(-60) + 11)/((-2)/(-10)).
2, 127
Suppose -2*j = -8*j + 66. Suppose -5*q + j*q = 336. List the prime factors of q.
2, 7
Suppose -3 = -4*s + 3*f, 4*f + 12 = 8*f. Suppose 4 = 5*j - 4*r, -5*j - 1 = s*r + 2. Suppose j*g = g - 49. What are the prime factors of g?
7
Let u = 34 + -108. Let q = 1625 + -1372. Let c = u + q. List the prime factors of c.
179
Let f be 8*((-12)/(-18))/(8/(-3)). What are the prime factors of 795 + 1 + f - 0?
2, 397
Let a = -341 - -224. Let p be ((-12)/(-16))/((-3)/(-36)). What are the prime factors of 42/p*a/(-6)?
7, 13
Let z(x) = 42*x**3 - 4*x**2 + 7*x - 3. Let y be (-255)/(-289) - (-2)/17. What are the prime factors of z(y)?
2, 3, 7
Let y be (-30)/40 - (-6)/8. Let q be y*(11/(-14) - 6/(-21)). Suppose -2*h + 3*i + 359 = q, 907 = 5*h - 0*i + 2*i. List the prime factors of h.
181
Let v(h) = 23*h**2 - 17*h + 66. Let m be v(6). Suppose 0 = 5*d - 2*g - 1992, -2*d - 5*g = -7*g - m. What are the prime factors of d?
2, 5
Let c = 67647 + -42031. List the prime factors of c.
2, 1601
Let j(u) = -3*u**3 + 66*u**2 + u - 23. Let d be j(22). What are the prime factors of (1160/1)/5 - (d - -1)?
2, 29
Let g(b) = 7*b**2 - 2*b + 1. Let q be g(1). Let n be (-3 - -4 - q)/(-1). Suppose 1362 = n*m + m. What are the prime factors of m?
227
Let d = -3870 - -9356. Suppose 7*v = 352 + d. What are the prime factors of v?
2, 3, 139
Let v(o) = o + 78 - 37 - 45. Let b be v(0). What are the prime factors of (-56)/(-3) + b/6?
2, 3
Suppose 2*n - 24 + 12 = 0, 0 = 4*k + 4*n - 17716. What are the prime factors of k?
4423
What are the prime factors of (-2231231)/(-319) - (-12)/22?
5, 1399
Suppose 0*g + 4*g + 1988 = -y, 0 = g - 4*y + 480. Let n = -88 - g. List the prime factors of n.
2, 3, 17
Let m = -8 + 10. Suppose 5*b - 165 + 22 = v, 5*v + 661 = -m*b. Let n = -34 - v. List the prime factors of n.
3, 11
Let l(r) be the second derivative of 129*r**5/10 - r**4/3 + r**3/2 + r**2 + r + 4. What are the prime factors of l(1)?
7, 37
Let q(j) = j + 3. Let c(s) = -s + 8. Let h be c(3). Let z be q(h). Suppose -5*d + 7 = -z. List the prime factors of d.
3
Suppose 45*v - 25*v = 44584 + 32376. List the prime factors of v.
2, 13, 37
Let t(z) = 4*z**2 - 2*z - 41. Let o be t(-15). Let b = o + -363. What are the prime factors of b?
2, 263
Let b = 350 + -624. Let t be -1 - 5/((-10)/b). Let x = 267 + t. List the prime factors of x.
3, 43
Suppose u - 176 = 1486. Let b = 2662 - u. Suppose -4*o + b = 4*x, 3*x = 4*o + 432 + 318. List the prime factors of x.
2, 5
Suppose -4*o = -5*c - 71166, -30*o - c = -34*o + 71190. List the prime factors of o.
3, 17, 349
Let d(i) = 2*i + 14. Let q be d(18). Let f = q + -48. Suppose 3*m - 402 = -r, -4*m + 669 = m + f*r. List the prime factors of m.
3, 5
Suppose 4*j = -16, 2*o + j + 17 = 3*o. Suppose 0 = -2*k + o + 397. List the prime factors of (k/10 - 1) + 2/4.
2, 5
Let z be 20/1*6/6. Suppose z = -2*b + 96. Let l = 24 + b. List the prime factors of l.
2, 31
Let v(m) = -3*m + 54. Let l(f) = -f**3 + 22*f**2 - 22*f - 1. Let j be l(21). List the prime factors of v(j).
2, 3, 5
Suppose -140 = -2*n - 3*n. Let k be (-3)/7 - (-3456)/n. Let y = 69 + k. What are the prime factors of y?
2, 3
Let x be -2 + (-7)/((-7)/(-81)). Let y = -80 - x. What are the prime factors of 1/y + 3*3342/54?
2, 3, 31
Let p(u) = 7*u**2 - 65*u + 21. Let z be p(9). Let q(a) = 8*a - 11. Let i(h) = -16*h + 21. Let w(v) = 4*i(v) + 9*q(v). What are the prime factors of w(z)?
3
Let a = -71522 + 123544. What are the prime factors of a?
2, 19, 37
Let x(s) = -15*s + 26. Let c be x(-22). Suppose 4*h - c = 4*z, -2*z + 3*h + 203 = -4*z. List the prime factors of 9/(-45) - 39/30*z.
2, 61
Suppose 32 - 288 = -2*w. Let b = -348 - -292. Let s = w + b. Li